7
What is the hundreds digit of 3177?
1
What is the thousands digit of 36248?
6
What is the thousands digit of 32721?
2
What is the units digit of 27244?
4
What is the thousands digit of 33560?
3
What is the units digit of 29009?
9
What is the units digit of 9301?
1
What is the units digit of 54505?
5
What is the units digit of 2439?
9
What is the tens digit of 2535?
3
What is the hundreds digit of 578?
5
What is the hundreds digit of 27705?
7
What is the hundreds digit of 292?
2
What is the thousands digit of 3663?
3
What is the hundreds digit of 12025?
0
What is the thousands digit of 7139?
7
What is the tens digit of 13657?
5
What is the ten thousands digit of 20823?
2
What is the units digit of 485?
5
What is the hundreds digit of 168?
1
What is the thousands digit of 3576?
3
What is the hundreds digit of 935?
9
What is the thousands digit of 1216?
1
What is the hundreds digit of 538?
5
What is the ten thousands digit of 23806?
2
What is the thousands digit of 1574?
1
What is the tens digit of 988?
8
What is the units digit of 197?
7
What is the tens digit of 1156?
5
What is the ten thousands digit of 120896?
2
What is the tens digit of 21851?
5
What is the units digit of 260?
0
What is the hundreds digit of 416?
4
What is the tens digit of 2271?
7
What is the tens digit of 1043?
4
What is the tens digit of 1536?
3
What is the tens digit of 2047?
4
What is the tens digit of 5754?
5
What is the hundreds digit of 41944?
9
What is the hundreds digit of 2657?
6
What is the tens digit of 15883?
8
What is the tens digit of 535?
3
What is the units digit of 1604?
4
What is the hundreds digit of 42748?
7
What is the tens digit of 1284?
8
What is the units digit of 4733?
3
What is the units digit of 16351?
1
What is the units digit of 1237?
7
What is the thousands digit of 5082?
5
What is the thousands digit of 28436?
8
What is the thousands digit of 2612?
2
What is the units digit of 34034?
4
What is the units digit of 9565?
5
What is the hundreds digit of 22064?
0
What is the units digit of 6375?
5
What is the hundreds digit of 16509?
5
What is the units digit of 6?
6
What is the thousands digit of 2112?
2
What is the hundreds digit of 43345?
3
What is the ten thousands digit of 19947?
1
What is the thousands digit of 31026?
1
What is the hundreds digit of 572?
5
What is the tens digit of 499?
9
What is the units digit of 1109?
9
What is the hundreds digit of 1140?
1
What is the hundreds digit of 24707?
7
What is the hundreds digit of 177940?
9
What is the hundreds digit of 2829?
8
What is the units digit of 107092?
2
What is the thousands digit of 23672?
3
What is the hundreds digit of 516?
5
What is the hundreds digit of 72502?
5
What is the tens digit of 7215?
1
What is the units digit of 432?
2
What is the units digit of 5272?
2
What is the thousands digit of 1671?
1
What is the units digit of 9495?
5
What is the hundreds digit of 6567?
5
What is the tens digit of 1410?
1
What is the units digit of 5955?
5
What is the hundreds digit of 22323?
3
What is the units digit of 292?
2
What is the tens digit of 4771?
7
What is the hundreds digit of 12391?
3
What is the thousands digit of 6968?
6
What is the ten thousands digit of 30798?
3
What is the thousands digit of 18090?
8
What is the units digit of 1107?
7
What is the hundreds digit of 1134?
1
What is the ten thousands digit of 105166?
0
What is the tens digit of 9438?
3
What is the units digit of 2035?
5
What is the tens digit of 297?
9
What is the ten thousands digit of 22366?
2
What is the ten thousands digit of 10826?
1
What is the units digit of 95740?
0
What is the tens digit of 110?
1
What is the thousands digit of 5591?
5
What is the hundreds digit of 23186?
1
What is the hundreds digit of 3193?
1
What is the tens digit of 4780?
8
What is the units digit of 1230?
0
What is the thousands digit of 13077?
3
What is the units digit of 1210?
0
What is the hundreds digit of 3998?
9
What is the thousands digit of 8967?
8
What is the units digit of 22034?
4
What is the units digit of 6224?
4
What is the hundreds digit of 17432?
4
What is the tens digit of 7377?
7
What is the tens digit of 1708?
0
What is the ten thousands digit of 23496?
2
What is the thousands digit of 26803?
6
What is the thousands digit of 7739?
7
What is the thousands digit of 44137?
4
What is the tens digit of 1043?
4
What is the thousands digit of 3225?
3
What is the hundreds digit of 6762?
7
What is the tens digit of 20904?
0
What is the tens digit of 590?
9
What is the tens digit of 10085?
8
What is the units digit of 66442?
2
What is the tens digit of 61630?
3
What is the ten thousands digit of 60455?
6
What is the units digit of 132145?
5
What is the thousands digit of 4106?
4
What is the thousands digit of 39742?
9
What is the hundreds digit of 586?
5
What is the hundreds digit of 15641?
6
What is the units digit of 454?
4
What is the units digit of 51852?
2
What is the hundreds digit of 55562?
5
What is the hundreds digit of 1079?
0
What is the tens digit of 24?
2
What is the hundreds digit of 26955?
9
What is the tens digit of 408?
0
What is the hundreds digit of 1912?
9
What is the hundreds digit of 6251?
2
What is the tens digit of 13776?
7
What is the thousands digit of 7328?
7
What is the thousands digit of 1236?
1
What is the tens digit of 1391?
9
What is the hundreds digit of 2534?
5
What is the tens digit of 1029?
2
What is the hundreds digit of 9979?
9
What is the hundreds digit of 4130?
1
What is the thousands digit of 19443?
9
What is the tens digit of 41060?
6
What is the thousands digit of 7006?
7
What is the hundreds digit of 694?
6
What is the ten thousands digit of 15036?
1
What is the thousands digit of 23205?
3
What is the tens digit of 11883?
8
What is the tens digit of 27545?
4
What is the hundreds digit of 7043?
0
What is the hundreds digit of 4029?
0
What is the thousands digit of 59690?
9
What is the thousands digit of 7810?
7
What is the hundreds digit of 4446?
4
What is the thousands digit of 2400?
2
What is the hundreds digit of 3551?
5
What is the ten thousands digit of 64053?
6
What is the hundreds digit of 29390?
3
What is the thousands digit of 34777?
4
What is the tens digit of 11468?
6
What is the hundreds digit of 8886?
8
What is the units digit of 10086?
6
What is the thousands digit of 5438?
5
What is the units digit of 68855?
5
What is the tens digit of 553?
5
What is the ten thousands digit of 24605?
2
What is the units digit of 82890?
0
What is the tens digit of 1540?
4
What is the tens digit of 302?
0
What is the hundreds digit of 11497?
4
What is the hundreds digit of 2118?
1
What is the hundreds digit of 49541?
5
What is the hundreds digit of 370?
3
What is the units digit of 125015?
5
What is the ten thousands digit of 145995?
4
What is the units digit of 2916?
6
What is the hundreds digit of 2047?
0
What is the thousands digit of 1095?
1
What is the units digit of 1502?
2
What is the hundreds digit of 21414?
4
What is the tens digit of 566?
6
What is the units digit of 3296?
6
What is the units digit of 73542?
2
What is the hundreds digit of 5320?
3
What is the thousands digit of 8304?
8
What is the hundreds digit of 6149?
1
What is the tens digit of 10520?
2
What is the hundreds digit of 9789?
7
What is the thousands digit of 3015?
3
What is the units digit of 376?
6
What is the units digit of 268?
8
What is the hundreds digit of 29681?
6
What is the units digit of 4332?
2
What is the tens digit of 15836?
3
What is the units digit of 50884?
4
What is the tens digit of 203?
0
What is the units digit of 4106?
6
What is the units digit of 19851?
1
What is the thousands digit of 30001?
0
What is the tens digit of 49401?
0
What is the thousands digit of 2676?
2
What is the tens digit of 53006?
0
What is the tens digit of 757?
5
What is the units digit of 658?
8
What is the tens digit of 544?
4
What is the thousands digit of 27727?
7
What is the tens digit of 58992?
9
What is the thousands digit of 70693?
0
What is the tens digit of 521?
2
What is the units digit of 3850?
0
What is the units digit of 907?
7
What is the hundreds digit of 11987?
9
What is the tens digit of 46624?
2
What is the hundreds digit of 58290?
2
What is the hundreds digit of 287?
2
What is the tens di